{"id":312,"date":"2016-03-02T12:24:12","date_gmt":"2016-03-02T11:24:12","guid":{"rendered":"http:\/\/swelzbiety.archidiecezja.wroc.pl\/?page_id=312"},"modified":"2020-11-24T06:59:58","modified_gmt":"2020-11-24T05:59:58","slug":"namaszenie-chorych","status":"publish","type":"page","link":"http:\/\/elzbieta.org\/?page_id=312","title":{"rendered":"Namaszenie chorych"},"content":{"rendered":"<p><span style=\"font-size: 24px;\">Wbrew obiegowym opiniom nie jest to sakrament przeznaczony wy\u0142\u0105cznie dla umieraj\u0105cych. U\u017cywana dawniej nazwa tego sakramentu &#8220;Extrema unctio &#8211; Ostatnie namaszczenie&#8221; wprowadzi\u0142a wiele niejasno\u015bci i nieporozumie\u0144. Interpretuje si\u0119 j\u0105 jako ostatni sakrament przyjmowany w \u017cyciu. Tymczasem okre\u015blenie &#8220;Extrema unctio &#8211; Ostatnie namaszczenie&#8221; w teologii oznacza\u0142o ostatnie z serii namaszcze\u0144 sakramentalnych, kt\u00f3re wierny mo\u017ce przyj\u0105\u0107 i nie kojarzono go z momentem \u015bmierci, gdy\u017c sakrament ten ma przynie\u015b\u0107 choremu ulg\u0119 w cierpieniu lub uzdrowienie.<\/span><\/p>\n<p><span style=\"font-size: 24px;\">Sakrament namaszczenia chorych przyjmujemy w chorobie, udaj\u0105c si\u0119 na operacj\u0119, w podesz\u0142ym wieku, w ostatniej godzinie \u017cycia. Jak pozosta\u0142e sakramenty, przeznaczony jest on wy\u0142\u0105cznie dla \u017cyj\u0105cych.<\/span><\/p>\n<p><span style=\"font-size: 24px;\">W naszej parafii sakrament namaszczenia mo\u017cna przyj\u0105\u0107 z okazji rekolekcji, misji i odwiedzin kap\u0142an\u00f3w u chorych.<\/span><\/p>\n<p><span style=\"font-size: 24px;\">Odwiedziny chorych nie wychodz\u0105cych z domu odbywaj\u0105 si\u0119 w pierwsze soboty miesi\u0105ca. Osoby, kt\u00f3re chcia\u0142yby, by kap\u0142an odwiedza\u0142 je w pierwsze soboty miesi\u0105ca z pos\u0142ug\u0105 spowiedzi i z Komuni\u0105 \u015bw., (tak\u017ce z sakramentem namaszczenia chorych), proszone s\u0105 o zg\u0142oszenie adresu w zakrystii, kt\u00f3ra otwarta jest w czasie trwania Mszy \u015bwi\u0119tych lub w kancelarii parafialnej czynnej od poniedzia\u0142ku do pi\u0105tku w godz. 16.00-18.00, dodatkowo we wtorki w godz. 10.00-12.00.<\/span><\/p>\n<p><span style=\"font-size: 24px;\"><strong>SYTUACJA ZAGRO\u017bENIA \u017bYCIA<\/strong><\/span><\/p>\n<p><span style=\"font-size: 24px;\">W przypadku zagro\u017cenia \u017cycia ksi\u0119\u017ca udaj\u0105 si\u0119 z pos\u0142ug\u0105 (spowied\u017a \u015bw., Komunia \u015bw., sakrament chorych) do chorego na wezwanie do domu lub szpitala przy ul. Grabiszy\u0144skiej (<em>w ka\u017cdym innym szpitalu Wroc\u0142awia tak\u0105 pos\u0142ug\u0119 pe\u0142ni\u0105 ksi\u0119\u017ca z tej parafii, na terenie kt\u00f3rej szpital si\u0119 znajduje<\/em>)<strong>. <\/strong><\/span><\/p>\n<p><span style=\"font-size: 24px;\"><strong>Telefon kontaktowy do kapelana szpitala: ks. Tomasz Olszewski tel. 609 760 604.<\/strong><\/span><\/p>\n","protected":false},"excerpt":{"rendered":"<p>Wbrew obiegowym opiniom nie jest to sakrament przeznaczony wy\u0142\u0105cznie dla umieraj\u0105cych. U\u017cywana dawniej nazwa tego sakramentu &#8220;Extrema unctio &#8211; Ostatnie namaszczenie&#8221; wprowadzi\u0142a wiele niejasno\u015bci i nieporozumie\u0144. Interpretuje si\u0119 j\u0105 jako ostatni sakrament przyjmowany w \u017cyciu. Tymczasem okre\u015blenie &#8220;Extrema unctio &#8211; Ostatnie namaszczenie&#8221; w teologii oznacza\u0142o ostatnie z serii namaszcze\u0144 sakramentalnych, kt\u00f3re wierny mo\u017ce przyj\u0105\u0107 i [&hellip;]<\/p>\n","protected":false},"author":1,"featured_media":0,"parent":0,"menu_order":0,"comment_status":"closed","ping_status":"closed","template":"","meta":{"ngg_post_thumbnail":0},"_links":{"self":[{"href":"http:\/\/elzbieta.org\/index.php?rest_route=\/wp\/v2\/pages\/312"}],"collection":[{"href":"http:\/\/elzbieta.org\/index.php?rest_route=\/wp\/v2\/pages"}],"about":[{"href":"http:\/\/elzbieta.org\/index.php?rest_route=\/wp\/v2\/types\/page"}],"author":[{"embeddable":true,"href":"http:\/\/elzbieta.org\/index.php?rest_route=\/wp\/v2\/users\/1"}],"replies":[{"embeddable":true,"href":"http:\/\/elzbieta.org\/index.php?rest_route=%2Fwp%2Fv2%2Fcomments&post=312"}],"version-history":[{"count":2,"href":"http:\/\/elzbieta.org\/index.php?rest_route=\/wp\/v2\/pages\/312\/revisions"}],"predecessor-version":[{"id":15136,"href":"http:\/\/elzbieta.org\/index.php?rest_route=\/wp\/v2\/pages\/312\/revisions\/15136"}],"wp:attachment":[{"href":"http:\/\/elzbieta.org\/index.php?rest_route=%2Fwp%2Fv2%2Fmedia&parent=312"}],"curies":[{"name":"wp","href":"https:\/\/api.w.org\/{rel}","templated":true}]}}