{"id":4359,"date":"2016-10-05T12:50:05","date_gmt":"2016-10-05T10:50:05","guid":{"rendered":"http:\/\/elzbieta.org\/?page_id=4359"},"modified":"2020-02-12T15:51:44","modified_gmt":"2020-02-12T14:51:44","slug":"i-komunia-swieta-2","status":"publish","type":"page","link":"http:\/\/elzbieta.org\/?page_id=4359","title":{"rendered":"Aktualno\u015bci i og\u0142oszenia"},"content":{"rendered":"<p><span style=\"color: #ff0000;\"><strong>PIERWSZA KOMUNIA \u015aWI\u0118TA W ROKU 2020:<\/strong><\/span><\/p>\n<ul>\n<li>10 maja 2020 \u2013 dla dzieci klas 3 ze Szko\u0142y Podstawowej nr 68 przy ul. Szcz\u0119\u015bliwej oraz dla dzieci klas 3 ze Szko\u0142y Podstawowej nr 97 przy ul. Prostej oraz ze Szko\u0142y Dialogu Kultur Eltz Chaim.<\/li>\n<\/ul>\n<ul>\n<li>17 maja 2020 \u2013 dla dzieci klas 3 ze Szko\u0142y Podstawowej nr 43 przy ul. Grochowej we Wroc\u0142awiu.<\/li>\n<\/ul>\n<p>Msza \u015bw. &#8211; godzina 10.00<\/p>\n<p><strong><span style=\"color: #3366ff;\">Spotkania dla rodzic\u00f3w dzieci przygotowuj\u0105cych si\u0119 do I Komunii \u015bwi\u0119tej 2019\/2020 &#8211; organizacyjne.<\/span> <\/strong>Spotkania odb\u0119d\u0105 si\u0119 w sali na plebanii.<\/p>\n<ul>\n<li>Dla rodzic\u00f3w dzieci klas III SP nr 97 oraz Szko\u0142y Dialogu Kultur &#8211; poniedzia\u0142ek, 16 wrze\u015bnia 2019 r. o godz. 19.15, w sali na plebanii.<\/li>\n<li>Dla rodzic\u00f3w dzieci klas III SP nr 68 &#8211; wtorek, 17 wrze\u015bnia 2019 r. o godz. 19.15, w sali na plebanii.<\/li>\n<li>Dla rodzic\u00f3w dzieci klas III SP nr 43&nbsp; &#8211; \u015broda, 18 wrze\u015bnia 2019 r. o godz. 19.15, w sali na plebanii.<\/li>\n<\/ul>\n<p><strong><span style=\"color: #ff0000;\">PLAN KATECHEZ PARAFIALNYCH DLA DZIECI I DLA RODZIC\u00d3W PRZYGOTOWUJ\u0104CYCH SI\u0118 DO I KOMUNII \u015aWI\u0118TEJ<\/span><\/strong><\/p>\n<p>Proponowany plan spotka\u0144:<\/p>\n<p><strong>WRZESIE\u0143 2019<\/strong><\/p>\n<ul>\n<li class=\"first-child\">Niedziela, 22.09.2019, godz. 11.15 dla Szko\u0142y Podstawowej nr 68 oraz nr 97 oraz ze Szko\u0142y Dialogu Kultur Eltz Chaim<\/li>\n<li class=\"last-child\">Niedziela, 29.09.2019, godz. 11.15 dla Szko\u0142y Podstawowej nr 43<\/li>\n<\/ul>\n<p><strong>PA\u0179DZIERNIK 2019<\/strong><\/p>\n<ul>\n<li class=\"first-child\">Niedziela, 20.10.2019, godz. 11.15 dla Szko\u0142y Podstawowej nr 68 oraz nr 97 oraz ze Szko\u0142y Dialogu Kultur Eltz Chaim<\/li>\n<li class=\"last-child\">Niedziela, 27.10.2019, godz. 11.15 dla Szko\u0142y Podstawowej nr 43<\/li>\n<\/ul>\n<p><strong>LISTOPAD 2019<\/strong><\/p>\n<ul>\n<li class=\"first-child\">Niedziela, 17.11.2019, godz. 11.15 dla Szko\u0142y Podstawowej nr 68 oraz nr 97 oraz ze Szko\u0142y Dialogu Kultur Eltz Chaim<\/li>\n<li class=\"last-child\">Niedziela, 24.11.2019, godz. 11.15 dla Szko\u0142y Podstawowej nr 43<\/li>\n<\/ul>\n<p><strong>GRUDZIE\u0143 2019<\/strong><\/p>\n<ul>\n<li class=\"first-child\">Niedziela, 8.12.2019, godz. 11.15 dla Szko\u0142y Podstawowej nr 68 oraz nr 97 oraz ze Szko\u0142y Dialogu Kultur Eltz Chaim<\/li>\n<li class=\"last-child\">Niedziela, 15.12.2019, godz. 11.15 dla Szko\u0142y Podstawowej nr 43<\/li>\n<\/ul>\n<p><strong>STYCZE\u0143 2020<\/strong><\/p>\n<ul>\n<li class=\"first-child\">Niedziela, 12.01.2020, godz. 11.15 dla Szko\u0142y Podstawowej nr 68 oraz nr 97 oraz ze Szko\u0142y Dialogu Kultur Eltz Chaim<\/li>\n<li class=\"last-child\">Niedziela, 19.01.2020, godz. 11.15 dla Szko\u0142y Podstawowej nr 43<\/li>\n<\/ul>\n<p><strong>LUTY 2020<\/strong><\/p>\n<ul>\n<li class=\"first-child\">Niedziela, 23.02.2020, godz. 11.15 dla Szko\u0142y Podstawowej nr 68 oraz nr 97 oraz ze Szko\u0142y Dialogu Kultur Eltz Chaim<\/li>\n<li class=\"last-child\">Niedziela, 1.03.2020, godz. 11.15 dla Szko\u0142y Podstawowej nr 43<\/li>\n<\/ul>\n<p><strong>MARZEC 2020<\/strong><\/p>\n<ul>\n<li class=\"first-child\">Niedziela, 22.03.2020, godz. 11.15 dla Szko\u0142y Podstawowej nr 68 oraz nr 97 oraz ze Szko\u0142y Dialogu Kultur Eltz Chaim<\/li>\n<li class=\"last-child\">Niedziela, 29.03.2020, godz. 11.15 dla Szko\u0142y Podstawowej nr 43<\/li>\n<\/ul>\n<p><strong>KWIECIE\u0143 2020<br \/>\n<\/strong><\/p>\n<ul>\n<li class=\"first-child\">Niedziela, 19.04.2020, godz. 11.15 dla Szko\u0142y Podstawowej nr 68 oraz nr 97 oraz ze Szko\u0142y Dialogu Kultur Eltz Chaim<\/li>\n<li class=\"last-child\">Niedziela, 26.04.2020, godz. 11.15 dla Szko\u0142y Podstawowej nr 43<\/li>\n<\/ul>\n<p>Terminy mog\u0105 ulec zmianie. Prosimy \u015bledzi\u0107 zak\u0142adk\u0119 &#8220;aktualno\u015bci i og\u0142oszenia&#8221;.<\/p>\n<p>Spotkanie b\u0119dzie trwa\u0107 ok. 45 minut.<\/p>\n<p>Udzia\u0142 jest obowi\u0105zkowy z uwzgl\u0119dnieniem przyczyn losowych. W\u00f3wczas prosimy o poinformowanie drog\u0105 mailow\u0105 lub telefoniczn\u0105 ks. Proboszcza.<\/p>\n<p>Dzieci sw\u00f3j udzia\u0142 potwierdzaj\u0105 w Pami\u0119tnikach.<\/p>\n<p>Je\u015bli dziecko i rodzice nie mog\u0105 wzi\u0105\u0107 udzia\u0142u w wyznaczonym terminie, zapraszamy do udzia\u0142u z drug\u0105 grup\u0105.<\/p>\n<p>&nbsp;<\/p>\n<p><strong><span style=\"color: #ff0000;\">WA\u017bNE WYDARZENIA<\/span><\/strong><\/p>\n<ul>\n<li><span style=\"color: #3366ff;\"><strong>po\u015bwi\u0119cenie i uroczyste wr\u0119czenie ksi\u0105\u017ceczek &#8211; niedziela 29 wrze\u015bnia 2019 r., podczas Mszy \u015awi\u0119tej o godz. 11.15<br \/>\n<\/strong><\/span><\/li>\n<li style=\"text-align: justify;\"><span style=\"color: #3366ff;\"><strong>po\u015bwi\u0119cenie i uroczyste wr\u0119czenie r\u00f3\u017ca\u0144c\u00f3w &#8211; niedziela 6 pa\u017adziernika 2019 r., podczas Mszy \u015awi\u0119tej o godz. 11.15<\/strong><\/span><\/li>\n<li style=\"text-align: justify;\"><span style=\"color: #3366ff;\"><strong>po\u015bwi\u0119cenie i uroczyste wr\u0119czenie medalik\u00f3w i \u0142a\u0144cuszk\u00f3w &#8211; niedziela 8 grudnia 2019 r., podczas Mszy \u015awi\u0119tej o godz. 11.15<\/strong><\/span><\/li>\n<li style=\"text-align: justify;\"><span style=\"color: #3366ff;\"><strong>po\u015bwi\u0119cenie i uroczyste wr\u0119czenie \u015bwiec &#8211; niedziela 2 lutego 2020 r., podczas Mszy \u015awi\u0119tej o godz. 11.15<\/strong><\/span><\/li>\n<\/ul>\n<p style=\"text-align: justify;\">&nbsp;<\/p>\n<p>&nbsp;<\/p>\n","protected":false},"excerpt":{"rendered":"<p>PIERWSZA KOMUNIA \u015aWI\u0118TA W ROKU 2020: 10 maja 2020 \u2013 dla dzieci klas 3 ze Szko\u0142y Podstawowej nr 68 przy ul. Szcz\u0119\u015bliwej oraz dla dzieci klas 3 ze Szko\u0142y Podstawowej nr 97 przy ul. Prostej oraz ze Szko\u0142y Dialogu Kultur Eltz Chaim. 17 maja 2020 \u2013 dla dzieci klas 3 ze Szko\u0142y Podstawowej nr 43 [&hellip;]<\/p>\n","protected":false},"author":2,"featured_media":0,"parent":0,"menu_order":0,"comment_status":"closed","ping_status":"closed","template":"","meta":{"ngg_post_thumbnail":0},"_links":{"self":[{"href":"http:\/\/elzbieta.org\/index.php?rest_route=\/wp\/v2\/pages\/4359"}],"collection":[{"href":"http:\/\/elzbieta.org\/index.php?rest_route=\/wp\/v2\/pages"}],"about":[{"href":"http:\/\/elzbieta.org\/index.php?rest_route=\/wp\/v2\/types\/page"}],"author":[{"embeddable":true,"href":"http:\/\/elzbieta.org\/index.php?rest_route=\/wp\/v2\/users\/2"}],"replies":[{"embeddable":true,"href":"http:\/\/elzbieta.org\/index.php?rest_route=%2Fwp%2Fv2%2Fcomments&post=4359"}],"version-history":[{"count":6,"href":"http:\/\/elzbieta.org\/index.php?rest_route=\/wp\/v2\/pages\/4359\/revisions"}],"predecessor-version":[{"id":13891,"href":"http:\/\/elzbieta.org\/index.php?rest_route=\/wp\/v2\/pages\/4359\/revisions\/13891"}],"wp:attachment":[{"href":"http:\/\/elzbieta.org\/index.php?rest_route=%2Fwp%2Fv2%2Fmedia&parent=4359"}],"curies":[{"name":"wp","href":"https:\/\/api.w.org\/{rel}","templated":true}]}}

Aktualności i ogłoszenia

<p><span style="color: #ff0000;"><strong>PIERWSZA KOMUNIA ŚWIĘTA W ROKU 2020:</strong></span></p>
<ul>
<li>10 maja 2020 – dla dzieci klas 3 ze Szkoły Podstawowej nr 68 przy ul. Szczęśliwej oraz dla dzieci klas 3 ze Szkoły Podstawowej nr 97 przy ul. Prostej oraz ze Szkoły Dialogu Kultur Eltz Chaim.</li>
</ul>
<ul>
<li>17 maja 2020 – dla dzieci klas 3 ze Szkoły Podstawowej nr 43 przy ul. Grochowej we Wrocławiu.</li>
</ul>
<p>Msza św. &#8211; godzina 10.00</p>
<p><strong><span style="color: #3366ff;">Spotkania dla rodziców dzieci przygotowujących się do I Komunii świętej 2019/2020 &#8211; organizacyjne.</span> </strong>Spotkania odbędą się w sali na plebanii.</p>
<ul>
<li>Dla rodziców dzieci klas III SP nr 97 oraz Szkoły Dialogu Kultur &#8211; poniedziałek, 16 września 2019 r. o godz. 19.15, w sali na plebanii.</li>
<li>Dla rodziców dzieci klas III SP nr 68 &#8211; wtorek, 17 września 2019 r. o godz. 19.15, w sali na plebanii.</li>
<li>Dla rodziców dzieci klas III SP nr 43&nbsp; &#8211; środa, 18 września 2019 r. o godz. 19.15, w sali na plebanii.</li>
</ul>
<p><strong><span style="color: #ff0000;">PLAN KATECHEZ PARAFIALNYCH DLA DZIECI I DLA RODZICÓW PRZYGOTOWUJĄCYCH SIĘ DO I KOMUNII ŚWIĘTEJ</span></strong></p>
<p>Proponowany plan spotkań:</p>
<p><strong>WRZESIEŃ 2019</strong></p>
<ul>
<li class="first-child">Niedziela, 22.09.2019, godz. 11.15 dla Szkoły Podstawowej nr 68 oraz nr 97 oraz ze Szkoły Dialogu Kultur Eltz Chaim</li>
<li class="last-child">Niedziela, 29.09.2019, godz. 11.15 dla Szkoły Podstawowej nr 43</li>
</ul>
<p><strong>PAŹDZIERNIK 2019</strong></p>
<ul>
<li class="first-child">Niedziela, 20.10.2019, godz. 11.15 dla Szkoły Podstawowej nr 68 oraz nr 97 oraz ze Szkoły Dialogu Kultur Eltz Chaim</li>
<li class="last-child">Niedziela, 27.10.2019, godz. 11.15 dla Szkoły Podstawowej nr 43</li>
</ul>
<p><strong>LISTOPAD 2019</strong></p>
<ul>
<li class="first-child">Niedziela, 17.11.2019, godz. 11.15 dla Szkoły Podstawowej nr 68 oraz nr 97 oraz ze Szkoły Dialogu Kultur Eltz Chaim</li>
<li class="last-child">Niedziela, 24.11.2019, godz. 11.15 dla Szkoły Podstawowej nr 43</li>
</ul>
<p><strong>GRUDZIEŃ 2019</strong></p>
<ul>
<li class="first-child">Niedziela, 8.12.2019, godz. 11.15 dla Szkoły Podstawowej nr 68 oraz nr 97 oraz ze Szkoły Dialogu Kultur Eltz Chaim</li>
<li class="last-child">Niedziela, 15.12.2019, godz. 11.15 dla Szkoły Podstawowej nr 43</li>
</ul>
<p><strong>STYCZEŃ 2020</strong></p>
<ul>
<li class="first-child">Niedziela, 12.01.2020, godz. 11.15 dla Szkoły Podstawowej nr 68 oraz nr 97 oraz ze Szkoły Dialogu Kultur Eltz Chaim</li>
<li class="last-child">Niedziela, 19.01.2020, godz. 11.15 dla Szkoły Podstawowej nr 43</li>
</ul>
<p><strong>LUTY 2020</strong></p>
<ul>
<li class="first-child">Niedziela, 23.02.2020, godz. 11.15 dla Szkoły Podstawowej nr 68 oraz nr 97 oraz ze Szkoły Dialogu Kultur Eltz Chaim</li>
<li class="last-child">Niedziela, 1.03.2020, godz. 11.15 dla Szkoły Podstawowej nr 43</li>
</ul>
<p><strong>MARZEC 2020</strong></p>
<ul>
<li class="first-child">Niedziela, 22.03.2020, godz. 11.15 dla Szkoły Podstawowej nr 68 oraz nr 97 oraz ze Szkoły Dialogu Kultur Eltz Chaim</li>
<li class="last-child">Niedziela, 29.03.2020, godz. 11.15 dla Szkoły Podstawowej nr 43</li>
</ul>
<p><strong>KWIECIEŃ 2020<br />
</strong></p>
<ul>
<li class="first-child">Niedziela, 19.04.2020, godz. 11.15 dla Szkoły Podstawowej nr 68 oraz nr 97 oraz ze Szkoły Dialogu Kultur Eltz Chaim</li>
<li class="last-child">Niedziela, 26.04.2020, godz. 11.15 dla Szkoły Podstawowej nr 43</li>
</ul>
<p>Terminy mogą ulec zmianie. Prosimy śledzić zakładkę &#8220;aktualności i ogłoszenia&#8221;.</p>
<p>Spotkanie będzie trwać ok. 45 minut.</p>
<p>Udział jest obowiązkowy z uwzględnieniem przyczyn losowych. Wówczas prosimy o poinformowanie drogą mailową lub telefoniczną ks. Proboszcza.</p>
<p>Dzieci swój udział potwierdzają w Pamiętnikach.</p>
<p>Jeśli dziecko i rodzice nie mogą wziąć udziału w wyznaczonym terminie, zapraszamy do udziału z drugą grupą.</p>
<p>&nbsp;</p>
<p><strong><span style="color: #ff0000;">WAŻNE WYDARZENIA</span></strong></p>
<ul>
<li><span style="color: #3366ff;"><strong>poświęcenie i uroczyste wręczenie książeczek &#8211; niedziela 29 września 2019 r., podczas Mszy Świętej o godz. 11.15<br />
</strong></span></li>
<li style="text-align: justify;"><span style="color: #3366ff;"><strong>poświęcenie i uroczyste wręczenie różańców &#8211; niedziela 6 października 2019 r., podczas Mszy Świętej o godz. 11.15</strong></span></li>
<li style="text-align: justify;"><span style="color: #3366ff;"><strong>poświęcenie i uroczyste wręczenie medalików i łańcuszków &#8211; niedziela 8 grudnia 2019 r., podczas Mszy Świętej o godz. 11.15</strong></span></li>
<li style="text-align: justify;"><span style="color: #3366ff;"><strong>poświęcenie i uroczyste wręczenie świec &#8211; niedziela 2 lutego 2020 r., podczas Mszy Świętej o godz. 11.15</strong></span></li>
</ul>
<p style="text-align: justify;">&nbsp;</p>
<p>&nbsp;</p>

<p>PIERWSZA KOMUNIA ŚWIĘTA W ROKU 2020: 10 maja 2020 – dla dzieci klas 3 ze Szkoły Podstawowej nr 68 przy ul. Szczęśliwej oraz dla dzieci klas 3 ze Szkoły Podstawowej nr 97 przy ul. Prostej oraz ze Szkoły Dialogu Kultur Eltz Chaim. 17 maja 2020 – dla dzieci klas 3 ze Szkoły Podstawowej nr 43 [&hellip;]</p>
